 -4*l = -13*z + 11*z + 956, 4 = 2*l. List the prime factors of z.
2, 241
Let p(t) = 73*t**2 - 39*t + 205. What are the prime factors of p(7)?
11, 29
What are the prime factors of (-27768)/(-21) + 130/182?
3, 7
Suppose 4*k = 10*k - 36. Suppose 4*g - k*g = 0. Suppose -2*j - j + 105 = g. What are the prime factors of j?
5, 7
Let o = 72 - -203. What are the prime factors of o?
5, 11
Suppose -7983 + 53138 = 11*w. What are the prime factors of w?
5, 821
List the prime factors of 5 - -1 - -3*471.
3, 11, 43
Let p(n) = 10*n**2 + n**2 + 4 + 2 - n**3 - 13*n. What are the prime factors of p(9)?
3, 17
Let c be ((-12)/(-9))/4*63. Let p be 18/(-1)*(-7)/c. Suppose -3*s + p + 3 = 0, -4*z = 5*s - 79. List the prime factors of z.
2
Let s = 4408 + -865. List the prime factors of s.
3, 1181
Suppose -7*n + 14 = -5*n. List the prime factors of 8/(-5)*(-3 - n).
2
Suppose 5*k - 5716 = k + n, 0 = 2*k - 3*n - 2868. List the prime factors of k.
2, 3, 7, 17
Suppose 5*w + 8644 = 3*y, -5*y - 84*w + 89*w = -14420. List the prime factors of y.
2, 19
Suppose 0 = 4*h + 1 + 7, 2*h - 151 = -5*m. Let s = m + -39. Let i = 88 + s. What are the prime factors of i?
2, 5
Suppose 331*t - 43806 = 317*t. List the prime factors of t.
3, 7, 149
Let v be (5 - (2 - -4)) + (-88 - -1). Let h = v + 151. List the prime factors of h.
3, 7
Let k = -15 + 17. Suppose 0 - 8 = k*r, 5*r = -4*n + 968. What are the prime factors of n?
13, 19
Suppose -3*i - 3*i + 972 = 0. List the prime factors of i.
2, 3
Let w = -4 - -3. Let o be 14 + -1 + (-2 - w). List the prime factors of o*1 - (2 - 2).
2, 3
Let x(q) = 226*q - 365. What are the prime factors of x(10)?
5, 379
Let q(v) = 11*v**2 - 37*v - 15. List the prime factors of q(-12).
3, 11, 61
Suppose 0 = -2*b - 3*b. Let n(x) = 3*x + 2 - x + x**3 + b*x - 5*x**2. List the prime factors of n(5).
2, 3
Let q = -2299 - -5074. What are the prime factors of q?
3, 5, 37
Suppose -4*y = -3*y - 2. Suppose -5*z - y = -7*z. Let n(s) = 38*s**2 - 3*s + 1. List the prime factors of n(z).
2, 3
Let y(w) = -4*w - 1. Let h be y(-1). Suppose -h*f + 10 + 4 = 5*u, f + 18 = 4*u. List the prime factors of u.
2
Let z(x) = 60*x + 612. List the prime factors of z(32).
2, 3, 211
Let l(j) = 36*j + 536. What are the prime factors of l(24)?
2, 5, 7
Let g = 200 + 637. List the prime factors of g.
3, 31
Suppose -6*r = -505 + 2983. Let q = 578 + r. List the prime factors of q.
3, 5, 11
Let r = 0 + 3. Suppose 24 = r*x + x. Suppose x = 3*m, -3*m - 157 = -5*d + m. List the prime factors of d.
3, 11
Let m(f) = -f**2 + 8*f + 17. Let d(q) = 3*q**2 - 15*q - 33. Let l(n) = 2*d(n) + 5*m(n). Suppose -5*i - 32 = -i. List the prime factors of l(i).
3
Let f = -623 - 622. What are the prime factors of 1/(f/625 - -2)?
5
Suppose -4*v = 21 - 29. What are the prime factors of (-72)/(-21)*(9 - v)?
2, 3
Let u be (78/7)/(12/84). Suppose 90 + u = 7*o. List the prime factors of o.
2, 3
Let w = -2401 + 4012. List the prime factors of w.
3, 179
Let k = 1346 + 1678. What are the prime factors of k?
2, 3, 7
Let c = -1037 + 647. What are the prime factors of 1/(1/c*-3)?
2, 5, 13
Let o be 2*1/(-4)*24/(-2). Suppose 3*d - 3*s = -o*s + 261, 0 = -5*d + 2*s + 470. List the prime factors of d.
2, 23
Suppose 0 = 5*d - 3*n - 145, 0 = 2*d + 3*n + 5 - 84. Suppose 2*b - 129 = -3*g, -219 = -9*g + 4*g - 2*b. Let h = g - d. List the prime factors of h.
13
Suppose 5*r + 3 = -q + 2*r, 4*q + 92 = 4*r. What are the prime factors of -3*2/q*75?
5
Suppose -363 = -4*h - 3*m, 3*h + 2*m = -m + 270. List the prime factors of h.
3, 31
What are the prime factors of 14 + 215 - (-18)/2?
2, 7, 17
Let s(q) = -2*q - 7. Let w be ((-8)/28)/((-1)/7). Let p be (14/(-8))/(w/8). List the prime factors of s(p).
7
Suppose 4*w - 2483 = -2*u + 1829, 0 = 5*w - u - 5404. What are the prime factors of w?
2, 3, 5
Suppose -8232 = -16*d + 14184. What are the prime factors of d?
3, 467
Suppose 0 = -q - 47 - 400. Let k = q - -639. What are the prime factors of k?
2, 3
Let l(j) = 4*j**3 - 16*j**2 + 7*j + 6. List the prime factors of l(8).
2, 3, 181
Let z(l) = -l**3 + 5*l**2 - 3*l - 4. Let q be z(3). Suppose q*r - 90 = 3*r. List the prime factors of r.
3, 5
Let t(v) = -3*v + 6. Let r be t(-11). Let g = r - 25. Let z = 19 - g. List the prime factors of z.
5
What are the prime factors of 79605/108 + 4/(-48)?
11, 67
Suppose 7*f - 2*f + 2*p = 2868, p - 1148 = -2*f. List the prime factors of f.
2, 11, 13
Let n(y) = 33*y**2 - 1. Let k be (1 + 2 - -1) + 1. Suppose -11*r + k = -6*r. What are the prime factors of n(r)?
2
Suppose -24*g + 15931 = 4*d - 19*g, -2*d + 7969 = -g. List the prime factors of d.
2, 3, 83
Suppose 0 = 5*d - 3*d, -20 = -a + 2*d. Suppose -3*m - a = -281. List the prime factors of m.
3, 29
Let h(t) = -7*t**2 + 20*t - 1. Let c(b) = -b**2 + b + 1. Let a(p) = 6*c(p) - h(p). What are the prime factors of a(16)?
3, 13
Suppose 4*p + 197 = j, -5*j + 949 = -p - p. List the prime factors of j.
3, 7
Suppose -4*z = -s + 1021, -7*s + 3*s + 4128 = -5*z. What are the prime factors of s?
17, 61
Let j(v) = v**2 + 7*v + 6. Let a be j(-4). List the prime factors of -113*(-2)/a*-3.
113
Let u = 1375 + 2754. List the prime factors of u.
4129
Let j(i) = 14*i**2 + 8*i - 8. List the prime factors of j(1).
2, 7
Let g(w) = -w**2 - 13*w - 8. Let b be ((-9)/15)/((-3)/15). Suppose 29 = -4*u - 5*q, 3*u - b*q = -u - 21. List the prime factors of g(u).
2, 17
Let c(p) = 47*p**2 + 29*p + 356. List the prime factors of c(-10).
2, 2383
Suppose 19*k - 11*k = 2064. What are the prime factors of k?
2, 3, 43
Let r(s) = 250*s - 14. What are the prime factors of r(3)?
2, 23
Let m(i) = i**2 + 24*i + 8. What are the prime factors of m(8)?
2, 3, 11
Suppose 5*b + 4 = 2*v, 0*v - 2*b = v - 2. Let h be (3 - 22/4)*-2. Suppose v*t + 2*t + 41 = 3*m, 0 = 2*m - h*t - 39. What are the prime factors of m?
7
Suppose 2*l - 3*l = -22. Let q = l + -17. Suppose q*v = 6*v - 25. List the prime factors of v.
5
Suppose 3*z - 16 = -z. Suppose -z*f + 0*f = -5*j + 7, -3*j - 2*f = -13. Suppose -5*i - 20 = -j*q + 27, -2*q + i + 22 = 0. What are the prime factors of q?
3
Suppose -3*z + 27 = 4*f, -4*f = -2*z + z - 7. Suppose 5*i + 398 = 5*c - 572, -4*c + z*i = -777. List the prime factors of c.
193
Suppose -5*b = 4*y - 11667, -17*b + y = -22*b + 11658. What are the prime factors of b?
3, 7, 37
Let k = -343 + 616. Suppose 4*c + k = 11*c. List the prime factors of c.
3, 13
What are the prime factors of 2/1*(-14)/84*-1083?
19
What are the prime factors of -2 - 22136/(-20) - 5/(-25)?
5, 13, 17
Suppose 9*p = -13 - 50. Let b(m) = m**3 + 10*m**2 + 3*m + 13. List the prime factors of b(p).
139
Let q(t) = 417*t**2 - 6*t + 9. List the prime factors of q(1).
2, 3, 5, 7
Let t(d) = -3*d**2 - d + 7. Let o be t(-5). Let a = 70 + o. List the prime factors of a.
7
Let m = 107 - 106. What are the prime factors of 1197/7 - (-1)/m?
2, 43
Let d(g) = 2*g + 8. Let t be d(-6). Let a = -42 + 32. What are the prime factors of t/(-5)*(-75)/a?
2, 3
Let d(l) be the first derivative of 23*l**3/6 - 2*l**2 - 9*l + 8. Let v(k) be the first derivative of d(k). List the prime factors of v(3).
5, 13
Let q(h) = 24*h**2 - h - 3. Suppose -2*f - 5*y - 5 = -31, -3*y + 3 = -3*f. List the prime factors of q(f).
2, 3, 5, 7
Let u = 800 - 532. What are the prime factors of u?
2, 67
Suppose 0 = -4*b - 8, 5*f + 2*b + 1 = 7. Let x(d) = -d**2 - d + 3. Let o(n) = 3*n**2 + n - 7. Let c(s) = f*o(s) + 5*x(s). List the prime factors of c(4).
5
Suppose m - 6*o + 10*o = 20, -5*m + 4*o + 4 = 0. Let a = -41 - -61. Suppose -m*c + a + 0 = 0. What are the prime factors of c?
5
Let d(k) be the first derivative of 3*k**2 - k + 6. Let s be d(1). Suppose s*a - x - 132 = 0, a - 144 = -4*a - 3*x. What are the prime factors of a?
3
Suppose -3*h + 10 = -4*q, 0 = 5*h - h - q + 4. Let l(z) = -7*z**2 - 2*z - 1. Let t be l(h). Let c = t + 56. List the prime factors of c.
31
Suppose 5*a + 690 = 7*a - 3*l, 0 = -4*a + 4*l + 1380. What are the prime factors of a?
3, 5, 23
Let x be -7*4/8*-2. Suppose -b + x = -6. Suppose 23 = f - b. What are the prime factors of f?
2, 3
Let x be 0/(-2) + 68/1. Let t be (x/(-16))/(2/24). Let z = 15 - t. What are the prime factors of z?
2, 3, 11
Let d be 25 - (-4 + 20/4). Suppose d = p + p. What are the prime factors of p?
2, 3
Suppose 4*h + 2487 = 10975. What are the prime fact